2*v = -y*c + 16. Suppose 5*h = -l + 42, h + 4*l - v = -0*h. What is the units digit of h?
8
Suppose -i + 241 - 61 = 0. Let o = i + -114. What is the tens digit of o?
6
What is the thousands digit of 0/1 + (-259116)/(-78)?
3
Suppose 5*c = 45 + 70. Let p = 23 + c. What is the units digit of p?
6
Let j(b) = -10*b. Let a be j(2). What is the units digit of 1/(a/25)*-28?
5
Let f(k) = -127*k - 560. What is the hundreds digit of f(-22)?
2
Let p(q) = 2*q. Let j = -9 - -11. Let k be p(j). Suppose -3*z + k*c = -52, 0 = 3*z - 4*z - 2*c + 24. What is the units digit of z?
0
Let c(u) = 47*u**2 - 2*u - 1. What is the tens digit of c(-1)?
4
Let r = -7 - 2. Let g = -56 - r. Let b = g - -68. What is the units digit of b?
1
Suppose 0 = 5*y - 5 - 5, m = -2*y + 7. What is the units digit of m?
3
Let o(h) = -h**3 + 2*h**2 + 3*h - 3. Let n be o(3). Let v(x) = x + 7. Let l be v(n). What is the units digit of (-202)/(-18) - l/18?
1
Let h(p) = 985*p**2 - 22*p + 22. What is the units digit of h(1)?
5
Let g = 272 + 1443. What is the thousands digit of g?
1
Let v(k) = 16*k - 7 - 9 + 24. Let w = 2 - -1. What is the tens digit of v(w)?
5
Suppose 430*l - 419*l = 65241. What is the tens digit of l?
3
Let r(f) = f**3 + 19*f**2 - 4*f + 22. What is the units digit of r(-8)?
8
Let m = -1 + 3. Suppose -z + 8 = z, m*v + 4*z = 170. What is the tens digit of 251/11 + 14/v?
2
Let m(x) = -14*x**3 + x**2 + 6*x - 23. What is the tens digit of m(-5)?
2
What is the tens digit of 2/16 - (-337770)/432?
8
Let w = 20 - 15. Suppose g + 2*j = 50, -w*g + 2*j + 259 = 3*j. What is the units digit of g?
2
Suppose 0 = l + 3*l - 16. Suppose -l*b = -2*b - 4. Suppose -5 + 1 = -b*j. What is the units digit of j?
2
Let b = 22 - 22. Let r be (-10 - 0)/(2 + b). Let n = 28 + r. What is the tens digit of n?
2
Let t be 7/35 - (-148)/10. Let q = t + -1. What is the tens digit of q?
1
Let k(r) = -r**3 - 7*r**2 - 10*r - 14. Let f = -29 + 21. What is the units digit of k(f)?
0
Let g(l) = -14*l**2 - l + 2. Let c be g(-2). Suppose 0 = 4*v - 6*v - 5*x + 12, v - 3*x = -16. What is the tens digit of -1*(c/v)/(-1)?
1
Suppose -2*d + 1945 = k, 5*k - 7*d = -2*d + 9770. What is the thousands digit of k?
1
Let r(g) = -g**3 + 10*g**2 - 5*g + 5. Suppose -2*f + 10 = 0, -n + 6*n + 4*f - 40 = 0. What is the units digit of r(n)?
1
Suppose 0 = -u + 5*u - 8. Let w be 4/(u*3/9). Suppose -3*h - 36 = -3*x, -2*x - 3*h + 26 = -w*h. What is the units digit of x?
0
Let a be (-8)/2*(-21)/3. Suppose 3*p = -2*h + 95 - 6, -h = p - a. What is the tens digit of p?
3
Suppose 0 = 72*y - 51*y - 50610. What is the tens digit of y?
1
Let s be (-4)/(-6) - (-8)/6. Suppose s*t = 3*t. Suppose t = 2*a - 7*a + 100. What is the units digit of a?
0
Suppose -2*d + 4*c + 318 = 0, -771 = -6*d + d - 2*c. What is the hundreds digit of d?
1
Suppose 87970 = 66*v - 68054. What is the units digit of v?
4
Let p be (7 - 3) + 20/2. What is the hundreds digit of ((-7)/14 + p/12)*219?
1
What is the hundreds digit of 5965/15 - 60/(-45)?
3
Suppose -8 = -3*c + 7. Suppose 5*a - 3*g - 308 = g, 5*g = -c*a + 290. Let d = a - 26. What is the units digit of d?
4
Let z be (-2 - -2) + 95/19. Suppose 0 = 3*b - 6*b. Let j = z - b. What is the units digit of j?
5
Let z be (-4)/(-14) - 12/42. Let d = z + 4. What is the tens digit of d/(-12) + (-73)/(-3)?
2
Let u be 15/4*(-1360)/(-15). Let s be u*(1/(-2) + 0). What is the tens digit of 1/(-3) - s/6?
2
Suppose -150 = -9*u + 6*u + 4*v, -5*v = -2*u + 93. What is the tens digit of u?
5
Suppose -152 = -6*m + 244. Suppose 0 = -3*b + 69 + m. Let s = b + 21. What is the tens digit of s?
6
Suppose s - 2*c - 30 = 0, 5*s + 2*c - 211 = -13. What is the units digit of 1/4*4 + s?
9
Let f(i) = -i**3 + 5*i**2 + 6*i - 4. Let v be 36/6 - (1 - 0). What is the tens digit of f(v)?
2
Let v be 2 + (3/3 - 3). Suppose k + v*k = 76. What is the tens digit of k?
7
Let i be (2/3)/(4/18). Suppose 2*b = 6*b - 16, 0 = 5*h + i*b - 412. What is the tens digit of h?
8
Let n(d) = 2*d**2 + 7*d + 4. Let j be n(-4). Suppose -j - 1 = -z. Suppose -4*c + 5 = -2*c - s, s = -5*c + z. What is the units digit of c?
2
Let r(c) = -55*c**3 + 2*c**2 - 2*c - 3. Let h be r(-2). Let n = -264 + h. Let l = n - 125. What is the units digit of l?
0
Suppose 0 = -2*i - 3*f, -2*f = -5*i - 8 + 27. Suppose i*x - 228 = -0*x. What is the tens digit of x?
7
What is the units digit of -8 + 19 - ((-3 - -8) + -2)?
8
Suppose 1 = -2*w + 7. Suppose 2*r - 343 = -w*t, 8*t = 4*t - 5*r + 469. What is the hundreds digit of t?
1
Suppose 1992 = 10*v + 2*v. What is the units digit of v?
6
Suppose 2 = 3*v + 5. Let u be v/2*(-113 + -3). Suppose -4*z = -2*z - u. What is the tens digit of z?
2
Let b = -843 + 1369. What is the tens digit of b?
2
Let j be 4/(-6)*(5 + -8). Let y be 132/21 - j/7. Suppose -u = -y*u + 255. What is the tens digit of u?
5
Suppose 2*q - 5 = q. Suppose -4*v - 12 = -2*u, q*v - 1 = 4*u - 22. What is the units digit of 2 - (1 + 3/v)?
4
Let g be 1/((-1)/2 + 1). Let b(t) = t**2 - 2 + 9*t - t - g - 1. What is the units digit of b(-9)?
4
Suppose -3*q - 13 = -2*d, -17 = -d - 3*d + 3*q. Let x(h) = -5 + 3*h**3 + 8 - h - 2*h. What is the tens digit of x(d)?
2
Let o = -123 + 168. What is the tens digit of o?
4
Let g(u) = 411*u. Let w be g(4). What is the units digit of 4/14 + w/28 + -1?
8
Let q = -6 + 374. Let m = q - 126. What is the units digit of m?
2
Let l(y) = -64*y**3 - y**2 + 2*y + 1. What is the tens digit of l(-1)?
6
Let r be 1/2 + (-266)/(-4). Suppose 4*v - r = 45. What is the tens digit of v?
2
Suppose 164 = 4*d - 40. Let q = 21 - -6. Let s = d - q. What is the tens digit of s?
2
Let u = 4 - 1. Suppose r + 3*y = 80, -u*r + y + 0*y = -280. Suppose 0 = -2*n + 4*n - r. What is the units digit of n?
6
Suppose 16*i = 4869 + 3963. What is the tens digit of i?
5
Suppose 4*z + 345 = 5*w, -2*z = 3*z + 2*w + 423. Let d = z + 104. What is the tens digit of d?
1
Suppose 5*g = h + 10035, 2*g - 4*h - 495 = 3519. What is the tens digit of g/36 + 1/4?
5
Let m be 6/36 + (-26)/12. Let j be ((-3)/(-6))/(m/(-52)). Suppose 97 = 2*l + j. What is the tens digit of l?
4
Suppose n + 5 = 0, 2*s - 1072 = -2*n + 2320. What is the units digit of s?
1
Let p(c) be the second derivative of c**3 + 2*c**2 - 2*c. Suppose 5*x = 2*x + 15. What is the tens digit of p(x)?
3
Let n(u) be the second derivative of -6*u**3 - 3*u**2/2 - 11*u. What is the units digit of n(-1)?
3
Let s(k) = 168*k - 19. What is the tens digit of s(2)?
1
Suppose 5*w + 143 = -4*x, -x + 2*w = -0*w + 52. Let l = 55 - x. What is the tens digit of l?
9
Suppose 2946 = 4*j - 4*b - 11398, -2*j - b = -7172. What is the units digit of j?
6
Let o be (2/((-6)/(-9)))/(-1). What is the units digit of ((-18)/(-4))/o*-40?
0
Let w(t) = t**3 + 7*t**2 - 6*t + 5. Let n be 2 + (-36)/((-16)/(-4)). Let v be w(n). Let z = -23 + v. What is the units digit of z?
4
Suppose 2*x + 3*j = 19, -j = -x - x + 23. Let v = x + -14. What is the units digit of -35*((-11)/(-5) + v)?
8
Suppose 0 = -5*s + 20, 5 = m + s - 0. Let g(w) = 11 - 26 + 4 + 10 + 31*w**2. What is the tens digit of g(m)?
3
Let p = 2260 - 1604. What is the hundreds digit of p?
6
What is the hundreds digit of 16/24*(3161 - (5 + -3))?
1
Suppose 0 = -12*u - 9668 + 34796. What is the hundreds digit of u?
0
Suppose 0 = 3*b - 3*v + 6, -2*v - 3*v = 10. What is the units digit of 7 + (16/b - -3)?
6
Let x(n) = n**2 + 6*n + 2. Suppose 4*i = 4*a - 20, 4*i + 5*a = -14 - 15. Let q be x(i). Suppose -16 = q*k - 42. What is the units digit of k?
3
Suppose -5*x = -2*c - 61, 0 = 2*c - 5*x + 6*x + 43. What is the units digit of 42/(-147) + c*8/(-7)?
6
Let u(z) = z - 5 + 5 - 18 + z**2 - 5*z. What is the tens digit of u(8)?
1
Let w be 2 - (-3 - -5 - 18). Let s = -38 + w. Let f = s - -22. What is the units digit of f?
2
Suppose 2*h + 3422 = -16*y + 17*y, h = -y + 3431. What is the hundreds digit of y?
4
Let t(l) = -l**3 + 7*l**2 - l - 1. Let x be t(6). Let d = -1 + x. Suppose -3*w + d = -17. What is the tens digit of w?
1
Suppose i = 15 - 6. Suppose 5*j = i*j - 260. What is the tens digit of j?
6
Let t = -6705 + 9794. What is the thousands digit of t?
3
Let f = -511 + 612. Let b = -40 - 25. Let n = b + f. What is the tens digit of n?
3
Suppose 5*v = -3*i + 7*i - 4028, -2982 = -3*i - 6*v. What is the tens digit of i?
0
Let k = 69 - 53. Suppose 8